{"id":7,"date":"2017-11-23T16:32:04","date_gmt":"2017-11-23T15:32:04","guid":{"rendered":"http:\/\/www.ebusinesscup.ch\/?page_id=7"},"modified":"2020-12-21T21:30:16","modified_gmt":"2020-12-21T20:30:16","slug":"startseite","status":"publish","type":"page","link":"https:\/\/www.ebusinesscup.ch\/","title":{"rendered":"Kommen Sie wieder &#8211; behalten Sie die sch\u00f6nsten Erinnerungen"},"content":{"rendered":"<p>Willkommen auf der Website zum &#8218;Corn\u00e8rcard &amp; E-Business Golfcup&#8216; auf der Lenzerheide! Auf dieser Site finden Sie Informationen \u00fcber diesen Golftag und vor allem die legend\u00e4ren Fotos im Originalformat.<\/p>\n<p>Der 19.\u00a0Corn\u00e8rcard &amp; E-Business Golfcup findet statt am 31. August 2019 in Lenzerheide.<\/p>\n<p>Der 18. Corn\u00e8rcard &amp; E-Business Golfcup fand statt am 25. August 2018 in Lenzerheide.<\/p>\n<h3><strong>Hier geht es zu den Fotos von 2018:<\/strong><\/h3>\n<p>Emotionen <a href=\"https:\/\/photos.app.goo.gl\/aQZfxbdwHLLZq9s66\" target=\"_blank\" rel=\"noopener\">beim Golfspiel<\/a> &#8211; Unterwegs auf dem Golfplatz<br \/>\nPreisverteilung, Ap\u00e9ro-super-rich und <a href=\"https:\/\/photos.app.goo.gl\/fjcntr2jpznb1yuk9\" target=\"_blank\" rel=\"noopener\">die Stimmung im Clubhaus<\/a><br \/>\n<a href=\"https:\/\/photos.app.goo.gl\/KVqNK8eYBUCCZdF9A\" target=\"_blank\" rel=\"noopener\">Best of <\/a>&#8211; f\u00fcr Eilige<br \/>\n<a href=\"https:\/\/photos.app.goo.gl\/gqd6AEGf1RgMKSoBA\" target=\"_blank\" rel=\"noopener\">Teaser <\/a>&#8211; eine kleine Spezialauswahl<br \/>\nHighspeed &#8211; die ganze Dynamik&#8230;kommt bald<\/p>\n<p>Der Golfcup von 2017 fand statt am<br \/>\nSamstag, 20. August 2017. Fully booked mit \u00fcber 130 Teilnehmern aus der ganzen Schweiz.\u00a0Einige Tropfen Nieselregen am Morgen waren bald vergessen bei sch\u00f6nen Sonnenschein am Nachmittag.<\/p>\n<p>Der E-Business Golfcup von 2016 fand statt am<br \/>\nSamstag, 20. August 2016. Fully booked as usual &#8211; mit \u00fcber 130 Teilnehmern aus der ganzen Schweiz.<\/p>\n<p>Einige ausgew\u00e4hlte Impressionen der vergangenen Golftage:<\/p>\n<div\n\tclass=\"ngg-galleryoverview ngg-ajax-pagination-none\"\n\tid=\"ngg-gallery-abfdc1e3be89f3fc5160aadb7a8bbbff-1\">\n\n    \t<div class=\"slideshowlink\">\n        <a href='https:\/\/www.ebusinesscup.ch\/index.php\/nggallery\/slideshow?rest_route=%2Fwp%2Fv2%2Fpages%2F7'>&#091;Zeige eine Slideshow&#093;<\/a>\n\t\t\n\t<\/div>\n\t\t\t<!-- Thumbnails -->\n\t\t\t\t<div id=\"ngg-image-0\" class=\"ngg-gallery-thumbnail-box\" >\n\t\t\t\t        <div class=\"ngg-gallery-thumbnail\">\n            <a href=\"https:\/\/www.ebusinesscup.ch\/wp-content\/gallery\/impressionen\/GolfLH-2196.JPG\"\n               title=\"\"\n               data-src=\"https:\/\/www.ebusinesscup.ch\/wp-content\/gallery\/impressionen\/GolfLH-2196.JPG\"\n               data-thumbnail=\"https:\/\/www.ebusinesscup.ch\/wp-content\/gallery\/impressionen\/thumbs\/thumbs_GolfLH-2196.JPG\"\n               data-image-id=\"6\"\n               data-title=\"GolfLH 2196\"\n               data-description=\"\"\n               data-image-slug=\"golflh-2196\"\n               class=\"ngg-fancybox\" rel=\"abfdc1e3be89f3fc5160aadb7a8bbbff\">\n                <img\n                    title=\"GolfLH 2196\"\n                    alt=\"GolfLH 2196\"\n                    src=\"https:\/\/www.ebusinesscup.ch\/wp-content\/gallery\/impressionen\/thumbs\/thumbs_GolfLH-2196.JPG\"\n                    width=\"240\"\n                    height=\"160\"\n                    style=\"max-width:100%;\"\n                \/>\n            <\/a>\n        <\/div>\n\t\t\t\t\t\t\t<\/div> \n\t\t\t\n        \n\t\t\t\t<div id=\"ngg-image-1\" class=\"ngg-gallery-thumbnail-box\" >\n\t\t\t\t        <div class=\"ngg-gallery-thumbnail\">\n            <a href=\"https:\/\/www.ebusinesscup.ch\/wp-content\/gallery\/impressionen\/GolfLH-2269.JPG\"\n               title=\"\"\n               data-src=\"https:\/\/www.ebusinesscup.ch\/wp-content\/gallery\/impressionen\/GolfLH-2269.JPG\"\n               data-thumbnail=\"https:\/\/www.ebusinesscup.ch\/wp-content\/gallery\/impressionen\/thumbs\/thumbs_GolfLH-2269.JPG\"\n               data-image-id=\"7\"\n               data-title=\"GolfLH 2269\"\n               data-description=\"\"\n               data-image-slug=\"golflh-2269-1\"\n               class=\"ngg-fancybox\" rel=\"abfdc1e3be89f3fc5160aadb7a8bbbff\">\n                <img\n                    title=\"GolfLH 2269\"\n                    alt=\"GolfLH 2269\"\n                    src=\"https:\/\/www.ebusinesscup.ch\/wp-content\/gallery\/impressionen\/thumbs\/thumbs_GolfLH-2269.JPG\"\n                    width=\"240\"\n                    height=\"160\"\n                    style=\"max-width:100%;\"\n                \/>\n            <\/a>\n        <\/div>\n\t\t\t\t\t\t\t<\/div> \n\t\t\t\n        \n\t\t\t\t<div id=\"ngg-image-2\" class=\"ngg-gallery-thumbnail-box\" >\n\t\t\t\t        <div class=\"ngg-gallery-thumbnail\">\n            <a href=\"https:\/\/www.ebusinesscup.ch\/wp-content\/gallery\/impressionen\/GolfLH-2357.JPG\"\n               title=\"\"\n               data-src=\"https:\/\/www.ebusinesscup.ch\/wp-content\/gallery\/impressionen\/GolfLH-2357.JPG\"\n               data-thumbnail=\"https:\/\/www.ebusinesscup.ch\/wp-content\/gallery\/impressionen\/thumbs\/thumbs_GolfLH-2357.JPG\"\n               data-image-id=\"9\"\n               data-title=\"GolfLH 2357\"\n               data-description=\"\"\n               data-image-slug=\"golflh-2357-1\"\n               class=\"ngg-fancybox\" rel=\"abfdc1e3be89f3fc5160aadb7a8bbbff\">\n                <img\n                    title=\"GolfLH 2357\"\n                    alt=\"GolfLH 2357\"\n                    src=\"https:\/\/www.ebusinesscup.ch\/wp-content\/gallery\/impressionen\/thumbs\/thumbs_GolfLH-2357.JPG\"\n                    width=\"240\"\n                    height=\"160\"\n                    style=\"max-width:100%;\"\n                \/>\n            <\/a>\n        <\/div>\n\t\t\t\t\t\t\t<\/div> \n\t\t\t\n        \n\t\t\t\t<div id=\"ngg-image-3\" class=\"ngg-gallery-thumbnail-box\" >\n\t\t\t\t        <div class=\"ngg-gallery-thumbnail\">\n            <a href=\"https:\/\/www.ebusinesscup.ch\/wp-content\/gallery\/impressionen\/GolfLH-5196.JPG\"\n               title=\"\"\n               data-src=\"https:\/\/www.ebusinesscup.ch\/wp-content\/gallery\/impressionen\/GolfLH-5196.JPG\"\n               data-thumbnail=\"https:\/\/www.ebusinesscup.ch\/wp-content\/gallery\/impressionen\/thumbs\/thumbs_GolfLH-5196.JPG\"\n               data-image-id=\"12\"\n               data-title=\"GolfLH 5196\"\n               data-description=\"\"\n               data-image-slug=\"golflh-5196\"\n               class=\"ngg-fancybox\" rel=\"abfdc1e3be89f3fc5160aadb7a8bbbff\">\n                <img\n                    title=\"GolfLH 5196\"\n                    alt=\"GolfLH 5196\"\n                    src=\"https:\/\/www.ebusinesscup.ch\/wp-content\/gallery\/impressionen\/thumbs\/thumbs_GolfLH-5196.JPG\"\n                    width=\"240\"\n                    height=\"160\"\n                    style=\"max-width:100%;\"\n                \/>\n            <\/a>\n        <\/div>\n\t\t\t\t\t\t\t<\/div> \n\t\t\t\n        \n\t\t\t\t<div id=\"ngg-image-4\" class=\"ngg-gallery-thumbnail-box\" >\n\t\t\t\t        <div class=\"ngg-gallery-thumbnail\">\n            <a href=\"https:\/\/www.ebusinesscup.ch\/wp-content\/gallery\/impressionen\/GolfLH-5219.JPG\"\n               title=\"\"\n               data-src=\"https:\/\/www.ebusinesscup.ch\/wp-content\/gallery\/impressionen\/GolfLH-5219.JPG\"\n               data-thumbnail=\"https:\/\/www.ebusinesscup.ch\/wp-content\/gallery\/impressionen\/thumbs\/thumbs_GolfLH-5219.JPG\"\n               data-image-id=\"13\"\n               data-title=\"GolfLH 5219\"\n               data-description=\"\"\n               data-image-slug=\"golflh-5219-1\"\n               class=\"ngg-fancybox\" rel=\"abfdc1e3be89f3fc5160aadb7a8bbbff\">\n                <img\n                    title=\"GolfLH 5219\"\n                    alt=\"GolfLH 5219\"\n                    src=\"https:\/\/www.ebusinesscup.ch\/wp-content\/gallery\/impressionen\/thumbs\/thumbs_GolfLH-5219.JPG\"\n                    width=\"240\"\n                    height=\"160\"\n                    style=\"max-width:100%;\"\n                \/>\n            <\/a>\n        <\/div>\n\t\t\t\t\t\t\t<\/div> \n\t\t\t\n        \n\t\t\t\t<div id=\"ngg-image-5\" class=\"ngg-gallery-thumbnail-box\" >\n\t\t\t\t        <div class=\"ngg-gallery-thumbnail\">\n            <a href=\"https:\/\/www.ebusinesscup.ch\/wp-content\/gallery\/impressionen\/4864.jpg\"\n               title=\"\"\n               data-src=\"https:\/\/www.ebusinesscup.ch\/wp-content\/gallery\/impressionen\/4864.jpg\"\n               data-thumbnail=\"https:\/\/www.ebusinesscup.ch\/wp-content\/gallery\/impressionen\/thumbs\/thumbs_4864.jpg\"\n               data-image-id=\"86\"\n               data-title=\"4864\"\n               data-description=\"\"\n               data-image-slug=\"4864\"\n               class=\"ngg-fancybox\" rel=\"abfdc1e3be89f3fc5160aadb7a8bbbff\">\n                <img\n                    title=\"4864\"\n                    alt=\"4864\"\n                    src=\"https:\/\/www.ebusinesscup.ch\/wp-content\/gallery\/impressionen\/thumbs\/thumbs_4864.jpg\"\n                    width=\"240\"\n                    height=\"160\"\n                    style=\"max-width:100%;\"\n                \/>\n            <\/a>\n        <\/div>\n\t\t\t\t\t\t\t<\/div> \n\t\t\t\n        \n\t\t\t\t<div id=\"ngg-image-6\" class=\"ngg-gallery-thumbnail-box\" >\n\t\t\t\t        <div class=\"ngg-gallery-thumbnail\">\n            <a href=\"https:\/\/www.ebusinesscup.ch\/wp-content\/gallery\/impressionen\/2009112.jpg\"\n               title=\"\"\n               data-src=\"https:\/\/www.ebusinesscup.ch\/wp-content\/gallery\/impressionen\/2009112.jpg\"\n               data-thumbnail=\"https:\/\/www.ebusinesscup.ch\/wp-content\/gallery\/impressionen\/thumbs\/thumbs_2009112.jpg\"\n               data-image-id=\"87\"\n               data-title=\"2009112\"\n               data-description=\"\"\n               data-image-slug=\"2009112\"\n               class=\"ngg-fancybox\" rel=\"abfdc1e3be89f3fc5160aadb7a8bbbff\">\n                <img\n                    title=\"2009112\"\n                    alt=\"2009112\"\n                    src=\"https:\/\/www.ebusinesscup.ch\/wp-content\/gallery\/impressionen\/thumbs\/thumbs_2009112.jpg\"\n                    width=\"240\"\n                    height=\"160\"\n                    style=\"max-width:100%;\"\n                \/>\n            <\/a>\n        <\/div>\n\t\t\t\t\t\t\t<\/div> \n\t\t\t\n        \n\t\t\t\t<div id=\"ngg-image-7\" class=\"ngg-gallery-thumbnail-box\" >\n\t\t\t\t        <div class=\"ngg-gallery-thumbnail\">\n            <a href=\"https:\/\/www.ebusinesscup.ch\/wp-content\/gallery\/impressionen\/2009119.jpg\"\n               title=\"\"\n               data-src=\"https:\/\/www.ebusinesscup.ch\/wp-content\/gallery\/impressionen\/2009119.jpg\"\n               data-thumbnail=\"https:\/\/www.ebusinesscup.ch\/wp-content\/gallery\/impressionen\/thumbs\/thumbs_2009119.jpg\"\n               data-image-id=\"88\"\n               data-title=\"2009119\"\n               data-description=\"\"\n               data-image-slug=\"2009119\"\n               class=\"ngg-fancybox\" rel=\"abfdc1e3be89f3fc5160aadb7a8bbbff\">\n                <img\n                    title=\"2009119\"\n                    alt=\"2009119\"\n                    src=\"https:\/\/www.ebusinesscup.ch\/wp-content\/gallery\/impressionen\/thumbs\/thumbs_2009119.jpg\"\n                    width=\"240\"\n                    height=\"160\"\n                    style=\"max-width:100%;\"\n                \/>\n            <\/a>\n        <\/div>\n\t\t\t\t\t\t\t<\/div> \n\t\t\t\n        \n\t\t\t\t<div id=\"ngg-image-8\" class=\"ngg-gallery-thumbnail-box\" >\n\t\t\t\t        <div class=\"ngg-gallery-thumbnail\">\n            <a href=\"https:\/\/www.ebusinesscup.ch\/wp-content\/gallery\/impressionen\/2009175.jpg\"\n               title=\"\"\n               data-src=\"https:\/\/www.ebusinesscup.ch\/wp-content\/gallery\/impressionen\/2009175.jpg\"\n               data-thumbnail=\"https:\/\/www.ebusinesscup.ch\/wp-content\/gallery\/impressionen\/thumbs\/thumbs_2009175.jpg\"\n               data-image-id=\"89\"\n               data-title=\"2009175\"\n               data-description=\"\"\n               data-image-slug=\"2009175\"\n               class=\"ngg-fancybox\" rel=\"abfdc1e3be89f3fc5160aadb7a8bbbff\">\n                <img\n                    title=\"2009175\"\n                    alt=\"2009175\"\n                    src=\"https:\/\/www.ebusinesscup.ch\/wp-content\/gallery\/impressionen\/thumbs\/thumbs_2009175.jpg\"\n                    width=\"240\"\n                    height=\"160\"\n                    style=\"max-width:100%;\"\n                \/>\n            <\/a>\n        <\/div>\n\t\t\t\t\t\t\t<\/div> \n\t\t\t\n        \n\t\t\t\t<div id=\"ngg-image-9\" class=\"ngg-gallery-thumbnail-box\" >\n\t\t\t\t        <div class=\"ngg-gallery-thumbnail\">\n            <a href=\"https:\/\/www.ebusinesscup.ch\/wp-content\/gallery\/impressionen\/Tournier1283.JPG\"\n               title=\"\"\n               data-src=\"https:\/\/www.ebusinesscup.ch\/wp-content\/gallery\/impressionen\/Tournier1283.JPG\"\n               data-thumbnail=\"https:\/\/www.ebusinesscup.ch\/wp-content\/gallery\/impressionen\/thumbs\/thumbs_Tournier1283.JPG\"\n               data-image-id=\"90\"\n               data-title=\"Tournier1283\"\n               data-description=\"\"\n               data-image-slug=\"tournier1283\"\n               class=\"ngg-fancybox\" rel=\"abfdc1e3be89f3fc5160aadb7a8bbbff\">\n                <img\n                    title=\"Tournier1283\"\n                    alt=\"Tournier1283\"\n                    src=\"https:\/\/www.ebusinesscup.ch\/wp-content\/gallery\/impressionen\/thumbs\/thumbs_Tournier1283.JPG\"\n                    width=\"240\"\n                    height=\"160\"\n                    style=\"max-width:100%;\"\n                \/>\n            <\/a>\n        <\/div>\n\t\t\t\t\t\t\t<\/div> \n\t\t\t\n        \n\t\t\t\t<div id=\"ngg-image-10\" class=\"ngg-gallery-thumbnail-box\" >\n\t\t\t\t        <div class=\"ngg-gallery-thumbnail\">\n            <a href=\"https:\/\/www.ebusinesscup.ch\/wp-content\/gallery\/impressionen\/Tournier1299.JPG\"\n               title=\"\"\n               data-src=\"https:\/\/www.ebusinesscup.ch\/wp-content\/gallery\/impressionen\/Tournier1299.JPG\"\n               data-thumbnail=\"https:\/\/www.ebusinesscup.ch\/wp-content\/gallery\/impressionen\/thumbs\/thumbs_Tournier1299.JPG\"\n               data-image-id=\"91\"\n               data-title=\"Tournier1299\"\n               data-description=\"\"\n               data-image-slug=\"tournier1299\"\n               class=\"ngg-fancybox\" rel=\"abfdc1e3be89f3fc5160aadb7a8bbbff\">\n                <img\n                    title=\"Tournier1299\"\n                    alt=\"Tournier1299\"\n                    src=\"https:\/\/www.ebusinesscup.ch\/wp-content\/gallery\/impressionen\/thumbs\/thumbs_Tournier1299.JPG\"\n                    width=\"240\"\n                    height=\"160\"\n                    style=\"max-width:100%;\"\n                \/>\n            <\/a>\n        <\/div>\n\t\t\t\t\t\t\t<\/div> \n\t\t\t\n        \n\t\t\t\t<div id=\"ngg-image-11\" class=\"ngg-gallery-thumbnail-box\" >\n\t\t\t\t        <div class=\"ngg-gallery-thumbnail\">\n            <a href=\"https:\/\/www.ebusinesscup.ch\/wp-content\/gallery\/impressionen\/Tournier1312.JPG\"\n               title=\"\"\n               data-src=\"https:\/\/www.ebusinesscup.ch\/wp-content\/gallery\/impressionen\/Tournier1312.JPG\"\n               data-thumbnail=\"https:\/\/www.ebusinesscup.ch\/wp-content\/gallery\/impressionen\/thumbs\/thumbs_Tournier1312.JPG\"\n               data-image-id=\"92\"\n               data-title=\"Tournier1312\"\n               data-description=\"\"\n               data-image-slug=\"tournier1312\"\n               class=\"ngg-fancybox\" rel=\"abfdc1e3be89f3fc5160aadb7a8bbbff\">\n                <img\n                    title=\"Tournier1312\"\n                    alt=\"Tournier1312\"\n                    src=\"https:\/\/www.ebusinesscup.ch\/wp-content\/gallery\/impressionen\/thumbs\/thumbs_Tournier1312.JPG\"\n                    width=\"240\"\n                    height=\"160\"\n                    style=\"max-width:100%;\"\n                \/>\n            <\/a>\n        <\/div>\n\t\t\t\t\t\t\t<\/div> \n\t\t\t\n        \n\t\t\t\t<div id=\"ngg-image-12\" class=\"ngg-gallery-thumbnail-box\" >\n\t\t\t\t        <div class=\"ngg-gallery-thumbnail\">\n            <a href=\"https:\/\/www.ebusinesscup.ch\/wp-content\/gallery\/impressionen\/Tournier1331.JPG\"\n               title=\"\"\n               data-src=\"https:\/\/www.ebusinesscup.ch\/wp-content\/gallery\/impressionen\/Tournier1331.JPG\"\n               data-thumbnail=\"https:\/\/www.ebusinesscup.ch\/wp-content\/gallery\/impressionen\/thumbs\/thumbs_Tournier1331.JPG\"\n               data-image-id=\"93\"\n               data-title=\"Tournier1331\"\n               data-description=\"\"\n               data-image-slug=\"tournier1331\"\n               class=\"ngg-fancybox\" rel=\"abfdc1e3be89f3fc5160aadb7a8bbbff\">\n                <img\n                    title=\"Tournier1331\"\n                    alt=\"Tournier1331\"\n                    src=\"https:\/\/www.ebusinesscup.ch\/wp-content\/gallery\/impressionen\/thumbs\/thumbs_Tournier1331.JPG\"\n                    width=\"240\"\n                    height=\"160\"\n                    style=\"max-width:100%;\"\n                \/>\n            <\/a>\n        <\/div>\n\t\t\t\t\t\t\t<\/div> \n\t\t\t\n        \n\t\t\t\t<div id=\"ngg-image-13\" class=\"ngg-gallery-thumbnail-box\" >\n\t\t\t\t        <div class=\"ngg-gallery-thumbnail\">\n            <a href=\"https:\/\/www.ebusinesscup.ch\/wp-content\/gallery\/impressionen\/Tournier1441.JPG\"\n               title=\"\"\n               data-src=\"https:\/\/www.ebusinesscup.ch\/wp-content\/gallery\/impressionen\/Tournier1441.JPG\"\n               data-thumbnail=\"https:\/\/www.ebusinesscup.ch\/wp-content\/gallery\/impressionen\/thumbs\/thumbs_Tournier1441.JPG\"\n               data-image-id=\"94\"\n               data-title=\"Tournier1441\"\n               data-description=\"\"\n               data-image-slug=\"tournier1441\"\n               class=\"ngg-fancybox\" rel=\"abfdc1e3be89f3fc5160aadb7a8bbbff\">\n                <img\n                    title=\"Tournier1441\"\n                    alt=\"Tournier1441\"\n                    src=\"https:\/\/www.ebusinesscup.ch\/wp-content\/gallery\/impressionen\/thumbs\/thumbs_Tournier1441.JPG\"\n                    width=\"240\"\n                    height=\"160\"\n                    style=\"max-width:100%;\"\n                \/>\n            <\/a>\n        <\/div>\n\t\t\t\t\t\t\t<\/div> \n\t\t\t\n        \n\t\t\t\t<div id=\"ngg-image-14\" class=\"ngg-gallery-thumbnail-box\" >\n\t\t\t\t        <div class=\"ngg-gallery-thumbnail\">\n            <a href=\"https:\/\/www.ebusinesscup.ch\/wp-content\/gallery\/impressionen\/Tournier1465.JPG\"\n               title=\"\"\n               data-src=\"https:\/\/www.ebusinesscup.ch\/wp-content\/gallery\/impressionen\/Tournier1465.JPG\"\n               data-thumbnail=\"https:\/\/www.ebusinesscup.ch\/wp-content\/gallery\/impressionen\/thumbs\/thumbs_Tournier1465.JPG\"\n               data-image-id=\"95\"\n               data-title=\"Tournier1465\"\n               data-description=\"\"\n               data-image-slug=\"tournier1465\"\n               class=\"ngg-fancybox\" rel=\"abfdc1e3be89f3fc5160aadb7a8bbbff\">\n                <img\n                    title=\"Tournier1465\"\n                    alt=\"Tournier1465\"\n                    src=\"https:\/\/www.ebusinesscup.ch\/wp-content\/gallery\/impressionen\/thumbs\/thumbs_Tournier1465.JPG\"\n                    width=\"240\"\n                    height=\"160\"\n                    style=\"max-width:100%;\"\n                \/>\n            <\/a>\n        <\/div>\n\t\t\t\t\t\t\t<\/div> \n\t\t\t\n        \n\t\t\t\t<div id=\"ngg-image-15\" class=\"ngg-gallery-thumbnail-box\" >\n\t\t\t\t        <div class=\"ngg-gallery-thumbnail\">\n            <a href=\"https:\/\/www.ebusinesscup.ch\/wp-content\/gallery\/impressionen\/Tournier1500.JPG\"\n               title=\"\"\n               data-src=\"https:\/\/www.ebusinesscup.ch\/wp-content\/gallery\/impressionen\/Tournier1500.JPG\"\n               data-thumbnail=\"https:\/\/www.ebusinesscup.ch\/wp-content\/gallery\/impressionen\/thumbs\/thumbs_Tournier1500.JPG\"\n               data-image-id=\"96\"\n               data-title=\"Tournier1500\"\n               data-description=\"\"\n               data-image-slug=\"tournier1500\"\n               class=\"ngg-fancybox\" rel=\"abfdc1e3be89f3fc5160aadb7a8bbbff\">\n                <img\n                    title=\"Tournier1500\"\n                    alt=\"Tournier1500\"\n                    src=\"https:\/\/www.ebusinesscup.ch\/wp-content\/gallery\/impressionen\/thumbs\/thumbs_Tournier1500.JPG\"\n                    width=\"240\"\n                    height=\"160\"\n                    style=\"max-width:100%;\"\n                \/>\n            <\/a>\n        <\/div>\n\t\t\t\t\t\t\t<\/div> \n\t\t\t\n        \n\t\t\t\t<div id=\"ngg-image-16\" class=\"ngg-gallery-thumbnail-box\" >\n\t\t\t\t        <div class=\"ngg-gallery-thumbnail\">\n            <a href=\"https:\/\/www.ebusinesscup.ch\/wp-content\/gallery\/impressionen\/Tournier2700.JPG\"\n               title=\"\"\n               data-src=\"https:\/\/www.ebusinesscup.ch\/wp-content\/gallery\/impressionen\/Tournier2700.JPG\"\n               data-thumbnail=\"https:\/\/www.ebusinesscup.ch\/wp-content\/gallery\/impressionen\/thumbs\/thumbs_Tournier2700.JPG\"\n               data-image-id=\"97\"\n               data-title=\"Tournier2700\"\n               data-description=\"\"\n               data-image-slug=\"tournier2700\"\n               class=\"ngg-fancybox\" rel=\"abfdc1e3be89f3fc5160aadb7a8bbbff\">\n                <img\n                    title=\"Tournier2700\"\n                    alt=\"Tournier2700\"\n                    src=\"https:\/\/www.ebusinesscup.ch\/wp-content\/gallery\/impressionen\/thumbs\/thumbs_Tournier2700.JPG\"\n                    width=\"240\"\n                    height=\"160\"\n                    style=\"max-width:100%;\"\n                \/>\n            <\/a>\n        <\/div>\n\t\t\t\t\t\t\t<\/div> \n\t\t\t\n        \n\t\t\n\t\t<!-- Pagination -->\n\t<div class='ngg-clear'><\/div>\t<\/div>\n\n","protected":false},"excerpt":{"rendered":"<p>Willkommen auf der Website zum &#8218;Corn\u00e8rcard &amp; E-Business Golfcup&#8216; auf der Lenzerheide! Auf dieser Site finden Sie Informationen \u00fcber diesen Golftag und vor allem die legend\u00e4ren Fotos im Originalformat. Der 19.\u00a0Corn\u00e8rcard &amp; E-Business Golfcup findet statt am 31. August 2019 in Lenzerheide. Der 18. Corn\u00e8rcard &amp; E-Business Golfcup fand statt am 25. August 2018 in &hellip; <a href=\"https:\/\/www.ebusinesscup.ch\/\" class=\"more-link\"><span class=\"screen-reader-text\">&#8222;Kommen Sie wieder &#8211; behalten Sie die sch\u00f6nsten Erinnerungen&#8220; <\/span>weiterlesen<\/a><\/p>\n","protected":false},"author":1,"featured_media":0,"parent":0,"menu_order":0,"comment_status":"closed","ping_status":"closed","template":"","meta":[],"_links":{"self":[{"href":"https:\/\/www.ebusinesscup.ch\/index.php?rest_route=\/wp\/v2\/pages\/7"}],"collection":[{"href":"https:\/\/www.ebusinesscup.ch\/index.php?rest_route=\/wp\/v2\/pages"}],"about":[{"href":"https:\/\/www.ebusinesscup.ch\/index.php?rest_route=\/wp\/v2\/types\/page"}],"author":[{"embeddable":true,"href":"https:\/\/www.ebusinesscup.ch\/index.php?rest_route=\/wp\/v2\/users\/1"}],"replies":[{"embeddable":true,"href":"https:\/\/www.ebusinesscup.ch\/index.php?rest_route=%2Fwp%2Fv2%2Fcomments&post=7"}],"version-history":[{"count":18,"href":"https:\/\/www.ebusinesscup.ch\/index.php?rest_route=\/wp\/v2\/pages\/7\/revisions"}],"predecessor-version":[{"id":334,"href":"https:\/\/www.ebusinesscup.ch\/index.php?rest_route=\/wp\/v2\/pages\/7\/revisions\/334"}],"wp:attachment":[{"href":"https:\/\/www.ebusinesscup.ch\/index.php?rest_route=%2Fwp%2Fv2%2Fmedia&parent=7"}],"curies":[{"name":"wp","href":"https:\/\/api.w.org\/{rel}","templated":true}]}}